et w be q(1). Suppose w = -f + 1. Let v = f - -6. What is the remainder when v is divided by 1?
0
Let b = 62 - 33. Let g = b - 16. What is the remainder when 63 is divided by g?
11
Let r(l) = 25*l. Let x be r(1). Calculate the remainder when 42 is divided by -3 + x*(-3)/(-3).
20
Suppose 4*b = -5*p + 312, -2*b + 0*b + 6 = 0. Calculate the remainder when 15 is divided by -3*32/p*-5.
7
Calculate the remainder when (3 + 0 + -2)/(5/205) is divided by 21.
20
Let z(b) = 12*b - 42. What is the remainder when 124 is divided by z(5)?
16
Let z(j) = j**2 + 10*j. Let x(u) = u + 1. Let s(w) = 2*x(w) - z(w). Suppose 4*n - 93 = 43. Calculate the remainder when n is divided by s(-4).
16
Suppose -4*p + 23 = 7. What is the remainder when 13 is divided by p?
1
Let y = 21 - 41. Let t = y - -31. Suppose 0 = -5*c + 104 + 1. Calculate the remainder when c is divided by t.
10
Suppose 34 = 7*a - 8. Calculate the remainder when -1*(2 + -1)*-23 is divided by a.
5
Let n(f) = f**2 - 3*f + 1. Calculate the remainder when 21 is divided by n(5).
10
Let p(z) = z**2 + 5*z + 8. Let j(w) be the first derivative of 7*w**3/3 + w + 3. What is the remainder when p(-6) is divided by j(1)?
6
Let n(w) = 20*w + 4. Let l be n(4). Let m be (-4)/22 - 140/(-44). Suppose -2*x = -5*b + l, 2*x = m - 7. What is the remainder when b is divided by 9?
7
Suppose -5 = -3*c + 1. Suppose 4*v = -3*n + 38, -3*n + c*n + 11 = v. What is the remainder when n is divided by 3?
0
Calculate the remainder when (-4565)/(-75) - (-4)/30 is divided by 21.
19
Let m = -179 - -183. What is the remainder when m is divided by 2?
0
What is the remainder when 14 is divided by -6*(-11)/14 - 4/(-14)?
4
Suppose -3*d + 12 = -3. What is the remainder when 15 is divided by d?
0
Let h = -11 - -19. Calculate the remainder when 30 is divided by h.
6
Suppose 4*g - 11 = 5*f, -3*g - f + 6 = -4*f. Let j = g - -21. Calculate the remainder when j is divided by 12.
8
Suppose -1 = -g + 3. Calculate the remainder when 17 is divided by g.
1
Let k be 6 - 1 - (2 + -1). Suppose 5*x - k*s - 26 = 0, 5*x - s - 22 = 2*s. Calculate the remainder when 3 is divided by x.
1
Suppose 5*d - 21 - 14 = -5*q, q - 3*d = -5. Suppose 0 = 2*i, 3 = m - q*m + i. What is the remainder when m*(-58)/(1 - -1) is divided by 10?
9
Suppose -2*b = -b - 8. What is the remainder when 28 is divided by b?
4
Let g(a) = -15*a**3 - a**2 - 2*a - 2. Calculate the remainder when 24 is divided by g(-1).
10
Let t = 22 + -20. Let k = t - -6. What is the remainder when k is divided by 3?
2
Let z(k) = -4*k + 6. Let h be z(5). Let f = 31 + h. Calculate the remainder when f is divided by 5.
2
Let s = 4 + -4. Suppose -c + 14 = -s*c. Suppose -c = -2*f + f. What is the remainder when 40 is divided by f?
12
Let p = 4 + 0. Suppose -p*t + 16 - 2 = 2*i, -5*i = 5. What is the remainder when 11 is divided by t?
3
Suppose 52 = -4*h - 4*d, 44 = -3*h - d - d. Let j = h - -25. What is the remainder when 1*-19*(0 + -1) is divided by j?
5
Suppose -11*h = -10*h - 27. Calculate the remainder when h is divided by 7.
6
Let n(w) = 2*w**2 + 2*w + 1. Suppose -5*r - 1 + 3 = 3*s, 2*s = 2*r + 12. Calculate the remainder when n(s) is divided by 14.
13
Let d = -29 - -111. Suppose 5*r - d = 93. What is the remainder when r is divided by 9?
8
Let u be 154/10 - 12/30. Suppose -5*v + u = -15. What is the remainder when v is divided by 4?
2
Let a = -139 + 236. Calculate the remainder when a is divided by 14.
13
Let h(t) = -t**2 - 8*t + 4. Suppose 0*d - 160 = -3*c + d, -3*d - 264 = -5*c. Calculate the remainder when c is divided by h(-5).
16
Suppose -15 = -3*x - 2*z, -2*x + 3*x - 5 = -2*z. Calculate the remainder when x is divided by 3.
2
Suppose 2*j - 258 = -0*j. Let l(h) = h**3 - 6*h**2 - 9*h + 47. What is the remainder when j is divided by l(7)?
30
Suppose 5*o - 9*o + 72 = 0. Calculate the remainder when o is divided by 10.
8
Suppose 0 = -2*n - 5*c - 6, -3*n + 0*c - c + 4 = 0. Suppose 3*h = n*h + 2. Suppose o - h*o = -8. Calculate the remainder when 15 is divided by o.
7
Let h(o) = 3*o**2 - 2*o - 1. Let w be h(-1). Let v(c) be the first derivative of c**3/3 - c**2 - c + 1. Calculate the remainder when 19 is divided by v(w).
5
Let k = -58 + 81. Let c(i) be the second derivative of -i**3/6 + i**2 - 4*i. What is the remainder when k is divided by c(-10)?
11
Let w(j) = j**3 - 6*j**2 + j - 8. Let z be w(7). Suppose 5*t = 3*y + 40, -3*t + y + z = 4*y. What is the remainder when t is divided by 3?
2
Let f = -66 - -107. What is the remainder when f is divided by 7?
6
Let c = -34 - -63. Let g(i) = 2*i**2 - 2*i - 2. Let t(s) = -s**3 + s**2 + s + 3. Let m be t(0). What is the remainder when c is divided by g(m)?
9
Let b(g) = -g**3 - 14*g**2 + 8*g - 32. What is the remainder when b(-15) is divided by 26?
21
What is the remainder when 42 is divided by (11/(-1))/(-3 - (1 - 3))?
9
Let x(z) = 2*z**2 - 5*z - 3. Let j = -17 + 39. Let f = 48 - j. Calculate the remainder when f is divided by x(4).
8
Let r(c) = c**3 + 2*c**2 - 1. Let g be r(-1). Suppose f - 7 + g = 0. What is the remainder when (-364)/(-70)*10/4 is divided by f?
6
Suppose f - 79 + 25 = -5*q, -3*q + 2*f + 35 = 0. Let u(x) = -x**2 + 6*x - 2. What is the remainder when q is divided by u(4)?
5
Suppose -37 = -4*g + 11. Suppose -5*o - 30 = -p - 268, 3*p - 85 = -2*o. What is the remainder when o is divided by g?
11
Let z be (1/(-1))/((-3)/3). Suppose z - 3 = s, -2*n - 4*s + 50 = 0. What is the remainder when 2*n*(-1)/(-2) is divided by 10?
9
Suppose -23 = 5*z - 4*l, 3*l - 5 = -z - 2. Let m = 21 - z. Suppose -m + 69 = 3*t. What is the remainder when t is divided by 8?
7
Suppose 2*h + 14 = 44. What is the remainder when h is divided by 9?
6
What is the remainder when (-7392)/(-120) - (-6)/(-10) is divided by 16?
13
Let o = -39 - -61. Let v = o + -5. Suppose 15 = y + 5*m, -3*y - 3*m + 30 = -3. What is the remainder when v is divided by y?
7
Suppose -5*y = -5*a + 15, -a + 2*y + 1 = -0. Let o(c) be the first derivative of 3*c**2/2 - 4*c - 17. What is the remainder when o(a) is divided by 4?
3
Suppose 12 = 3*m + s, -3 + 12 = m + 2*s. Suppose -m*r + 2 = -7. What is the remainder when r is divided by 2?
1
Suppose 11 = 2*w - w. Let o be 1/3 + 296/12. Suppose 0 = 4*s - o - 99. Calculate the remainder when s is divided by w.
9
Suppose -21 = -m - 4. What is the remainder when 31 is divided by m?
14
Suppose -2*t - 28 + 110 = 0. What is the remainder when t is divided by 24?
17
Let g(q) = -6*q**2 - q + 1. Let i be g(1). Let s = 9 + i. Calculate the remainder when 6 is divided by s.
0
Suppose -w + 2*w - 4*t = 39, -4*w + 168 = -4*t. What is the remainder when 82 is divided by w?
39
Let o(g) = -g**2 + 17*g - 22. Calculate the remainder when 13 is divided by o(15).
5
Let q = 5 - 2. Suppose x - q = -0*x. What is the remainder when -5*(1 - (2 + 0)) is divided by x?
2
Suppose -5*o - 4*k + 40 = 0, -45 + 18 = -3*o - 3*k. Calculate the remainder when 14 is divided by o.
2
Suppose -5*z - 24 = -3*z. Calculate the remainder when 46 is divided by (-8)/z*(-18)/(-1).
10
Let l(p) = 2*p**2 + 6*p + 4. Let n = 38 + -16. What is the remainder when n is divided by l(-4)?
10
Let u be (12/(-10))/(-3)*75. Suppose -s - 2*s + u = 0. Suppose -1 = v + t - 22, -t = 5*v - 97. What is the remainder when v is divided by s?
9
Let m(l) = l**3 - 5*l**2 - 11*l + 16. Suppose 2*y + 2*y = 432. What is the remainder when y is divided by m(7)?
34
Suppose -5*z - 4*y = -0*z + 43, y = -z - 8. Let u = z - -22. Suppose -2*t - u + 63 = 0. What is the remainder when t is divided by 9?
8
Let n = -336 + 548. Suppose -2*q - 2*q = -n. Calculate the remainder when q is divided by 18.
17
Suppose -5*t = g - 16, 2*g - 2 - 30 = -3*t. Suppose -b + 29 = -2*s + 178, -5*b - 385 = -5*s. Let u = -42 + s. Calculate the remainder when u is divided by g.
14
Suppose 160 = -c + 2*c. Calculate the remainder when c is divided by 27.
25
Suppose 0*k + 2*u + 22 = 2*k, -5*k + u = -63. Let z(q) be the first derivative of q**2/2 + 1. What is the remainder when k is divided by z(5)?
3
Suppose 0*d = 5*v - 3*d - 95, 0 = -v + 4*d + 19. Calculate the remainder when 36 is divided by v.
17
Let m(w) = -w**3 - 8*w**2 + 8*w + 3. What is the remainder when 35 is divided by m(-9)?
11
Let f be -7*(2 - 1)/(-1). Let s = f + 9. What is the remainder when 148/s + (-3)/(-4) is div